 0, w = 12*f - 14*f + 4952. What is the thousands digit of f?
2
Suppose 31*o - 26*o - 10 = 0. Let j(g) = g**2 - 2. Let p be j(o). Suppose -a + 2 = 0, l = -p*a + 120 - 43. What is the units digit of l?
3
Suppose -28*t + 33*t - 70 = 0. Suppose -2*q = -140 + t. What is the units digit of q?
3
Let l be -2*(3/2 - 3). Suppose 0 = l*z - 10 - 5. Suppose 3 - 1 = o + z*x, 2*o - 5*x = 19. What is the units digit of o?
7
Let h = 102 - 94. Suppose -h*x = -0*x - 1000. What is the hundreds digit of x?
1
Let x(p) = 44*p**2 - 2*p - 4. What is the tens digit of x(3)?
8
Suppose -3*x = -5*x. Suppose -5*m + 1 + 379 = x. What is the tens digit of m?
7
Let j = 21 - 13. Let t be (4/j)/(2/48). What is the tens digit of (0 + t)*(-4)/(-4)?
1
Suppose 17 = 5*u + 47. Let h(x) be the first derivative of x**4/4 + 8*x**3/3 + 4*x**2 - 2. What is the tens digit of h(u)?
2
Let l(k) = -9*k - 56. Let n = -38 - -19. What is the tens digit of l(n)?
1
Suppose -2*s + 2*b = -14, 9 + 10 = 2*s - 3*b. Let h(d) = -132*d + 518. Let l be h(4). Let g = s - l. What is the units digit of g?
2
Let m(u) = -169*u - 81. What is the hundreds digit of m(-5)?
7
Suppose -5*d + 2898 = -20262. What is the units digit of d?
2
Let b(c) be the third derivative of -c**4/24 - 8*c**3/3 + 7*c**2. Let k be b(-11). What is the tens digit of (-1)/k - 436/(-20)?
2
Let n(l) be the first derivative of l**2 - 33*l + 13. What is the units digit of n(20)?
7
Let y be 2/6 - (-18)/27. Let k(p) be the third derivative of 53*p**5/60 - p**3/6 + 17*p**2. What is the units digit of k(y)?
2
Let d(c) be the third derivative of c**5/60 - c**4/24 + c**3/3 - 3*c**2. Let m be d(-5). Suppose -2*l + m = -l. What is the tens digit of l?
3
Let s(g) = -104*g**3 + 4*g + 3. Let q(c) = c - 5. Let b be q(4). What is the hundreds digit of s(b)?
1
Let j = -166 - -253. Suppose -16*u = -15*u - j. What is the tens digit of u?
8
What is the units digit of (2577/(-9))/((-3)/9) + 2?
1
Let d(w) = -63*w - 503. What is the hundreds digit of d(-41)?
0
Let r = -308 + 1504. What is the thousands digit of r?
1
Let b(h) = -26*h + 702. What is the tens digit of b(23)?
0
Let c = -27 + 36. Suppose -10*b = -c*b - 53. What is the tens digit of b?
5
Let v(q) = 2*q**2 + q. Suppose -5*f = -2*u - 9 - 9, -2*f = -8. Let z be v(u). Suppose 0 = -3*l + 4*y + 2, -4*l - z*y - 1 + 37 = 0. What is the units digit of l?
6
Suppose 5*t = -k + 5894 + 4082, -t + 3*k + 1992 = 0. What is the units digit of t?
5
Let h(x) = 39*x + 8. Let c be h(3). Let o be c/(-2)*1*-2. Let i = o - 83. What is the tens digit of i?
4
Let u(y) = 7*y**3 + 23*y**2 + 10*y - 10. Let j(v) = -6*v**3 - 23*v**2 - 9*v + 10. Let m(r) = 6*j(r) + 5*u(r). What is the tens digit of m(-23)?
0
Suppose 5*f - 73 = 32. Let a = -13 + f. Suppose -a*h = -3*h - 10. What is the units digit of h?
2
Let t be 286/6 + (-1)/(-3). Let q = 342 - 334. Suppose q*h - t = -0. What is the units digit of h?
6
Suppose -16281 = -3*m - 3*d, 5443 = 73*m - 72*m - 3*d. What is the hundreds digit of m?
4
Let j(q) = -q**2 - 13*q - 5. Let u be j(-12). Suppose -u*r + 4*r = 0. Suppose r*z = 2*z - 100. What is the tens digit of z?
5
Suppose -5*a + 4509 = t - 3*a, -18012 = -4*t + 4*a. What is the units digit of t?
5
Suppose 0 = -0*d + d + 5*a - 39, 4*d - 3*a - 64 = 0. Let q = 19 - d. Suppose -3*s + 5*x + 56 = q, -2*x = 2*x - 20. What is the units digit of s?
7
Suppose f = -17*t + 19*t + 2675, 5*f - 13415 = 2*t. What is the hundreds digit of f?
6
Suppose -4*z + 16791 = 4*l + 3935, 3*l = -5*z + 9646. What is the tens digit of l?
1
What is the units digit of (-5304)/170*(-135)/2?
6
Suppose -3*v - 214 = -217, 5*k + 5*v = 12055. What is the thousands digit of k?
2
What is the tens digit of (-34)/(-17) + (-1)/((-2)/1684)?
4
Let v(m) = m**3 - 4*m**2 + 5*m - 3. Let b be v(3). Suppose 7*s - 3584 = b*s. What is the units digit of 12/90 - s/(-30)?
0
Let k be 3 - -1 - (-6)/(0 + -3). Suppose 3*u = -9, k*p - 358 = 5*u - 7*u. What is the tens digit of p?
8
Let k(o) = 21*o**2 - 2*o + 81. What is the tens digit of k(6)?
2
Let z = -159 + 215. What is the units digit of z?
6
Let g = 139 - 48. What is the tens digit of g?
9
Suppose -u - 2*f + 240 = 0, 5*f - 392 = -3*u + 331. What is the units digit of u?
6
Suppose -5*l = 3*s - 10, -s + 14 = -4*l + s. Let a be 2 + l + (-4 - -5). Suppose a*n - n = 22. What is the tens digit of n?
2
Suppose -3*t - y - 69 = 13, 0 = -2*t - 5*y - 33. Suppose 2*q + 0*p + 5*p = -76, -2*q - p = 68. Let n = t - q. What is the units digit of n?
4
Let u(s) = 2*s**2 - 12*s + 78. What is the hundreds digit of u(18)?
5
Suppose -2436 = 82*b - 89*b. What is the units digit of b?
8
Let g(u) = u**2 - 2*u - 1. Let v be g(3). Let x be 6/(-12) - v/(-4). Suppose -69 = -3*l - x*l. What is the units digit of l?
3
Suppose 3*r - 1 = -4*u, 5*r - 1 - 6 = -4*u. What is the units digit of 7/((-81)/42 - u)?
8
Let j(q) = q**3 - 2*q**2 + 8*q - 17. What is the tens digit of j(8)?
3
Let g(v) be the second derivative of -3*v**4/4 - 3*v. Let k be g(-2). What is the tens digit of -1 - ((-12)/3 + k)?
3
Suppose -10 = -5*o, -4*g + 3*o = 2*o - 34. Let h be 39/g - 4/(-6). Suppose -d - 19 = 4*b, -2*d + 0*d + 27 = -h*b. What is the units digit of d?
1
Let i = 1902 + -965. What is the hundreds digit of i?
9
Let q(n) be the first derivative of n**4/4 - 8*n**3/3 + n**2 - 13*n - 3. Let l be q(9). Suppose g + g = l. What is the units digit of g?
3
Let h = -32 + 70. Suppose -n + 3*n = -h. Let j = 31 + n. What is the tens digit of j?
1
Let g(m) = 8*m + 3. Let a be g(-1). Let t be 1/(a/30) + 0. What is the tens digit of (-884)/(-39) - 2/t?
2
Suppose -10 = -2*f - w, -2*f - 3*w = -w - 12. Suppose 3*k - o + 10 + 12 = 0, 3*k - 4*o + 16 = 0. What is the tens digit of (-6)/k - (-141)/f?
3
What is the tens digit of -2136*(32/(-24))/4?
1
Let c(t) = t**3 + 4*t**2 - 8*t - 2. Let p be 200/(-32) - 1/(-4). Let a be c(p). What is the units digit of (a/(-6))/(7/105)?
5
Let p(s) = s + 1. Let m(j) = -38*j**2 - 2*j - 4. Let u(w) = -m(w) - 4*p(w). Let z be 0 + 0 - -2 - 3. What is the units digit of u(z)?
0
Let w = 338 - -204. Suppose 5*j - 603 - w = 0. Suppose 3*k - 7*d = -2*d + j, 5*k - 4*d - 386 = 0. What is the units digit of k?
8
Let m(q) = 512*q**2 - 6*q - 9. What is the tens digit of m(-2)?
5
Let x(p) = 5*p**2 - p - 2. Let y be (10/(-5))/4*-10. What is the units digit of x(y)?
8
Suppose -6*p + 2*p = -i - 17047, 3*i = 15. What is the thousands digit of p?
4
Let r(q) = 2*q**3 + 5*q**2 + 2*q - 4. Let l be r(-3). Let s = 6 + l. Let d = s - -19. What is the units digit of d?
6
Suppose -2*r + r = -172. Suppose -r = 2*z - 4*z. Suppose 9*l - 7*l = z. What is the tens digit of l?
4
Let g(w) = -291*w + 908. What is the tens digit of g(-10)?
1
Suppose -7*v - 371 = -21. Let l = -12 - v. What is the tens digit of l?
3
Suppose -3*p + 1458 = 2*q, 5*q + 303 - 3902 = 4*p. What is the hundreds digit of q?
7
Let c be -291*(-8)/12*1. Suppose -5*w + 320 = -5*r, 6*w - r - c = 3*w. What is the units digit of w?
5
Let n = 80 - 78. What is the units digit of (-3)/10*n + 5240/25?
9
Suppose 12 = 4*l - 0. Suppose y = 2*m - 344 - 13, 553 = 3*m + 2*y. Suppose -2*s + 62 = 2*k, 4*k + l*s - m = -62. What is the tens digit of k?
2
What is the tens digit of (-2 - 3) + 0/2 + 509?
0
Let p(d) = d**2 + 5*d - 2. Suppose -4*s + 2*s = -12. Suppose 2*k + 18 - s = 0. What is the units digit of p(k)?
4
Let i(o) = -20*o**3 - o**2 + 1. Suppose -3*h + 0*q = 3*q - 18, 3*h = q + 14. Suppose -2*x = 3*x + h. What is the tens digit of i(x)?
2
Let b(t) = 2*t**2 - t**2 + t + 18 - 7. What is the units digit of b(-9)?
3
Let b = 137 + -83. Let q be b + (-1)/(-1) + 2. Let y = 81 - q. What is the tens digit of y?
2
Let h(n) = -n + 13. Let m be 2 + 3 + -1 + 1. Let c(s) = -2*s + 27. Let f(o) = m*h(o) - 2*c(o). What is the units digit of f(8)?
3
Let z be -7 - 16/(-4) - 4. Let m be ((-60)/(-21) + -4)*z. What is the units digit of (-1 - -1) + m - 4?
4
Let f = 171 - -323. What is the units digit of f?
4
Suppose 0*z - 4*z = -220. Suppose -b = -z - 26. What is the units digit of b?
1
Suppose 10*q - v = 6*q + 8157, -v + 6123 = 3*q. What is the thousands digit of q?
2
Let f(r) = -2*r**2 + 5*r - 2. Let i(b) = -5*b**2 + 11*b - 5. Let y(v) = 13*f(v) - 6*i(v). What is the units digit of y(2)?
8
Suppose 3*h - 6055 = -f, 0 = 5*f + 3*h + 7461 - 37712. What is the thousands d